 number?
False
Is (28 + 3468845/4)*(-8)/(-6) a prime number?
False
Suppose 10 = -5*c, 0 = 4*m + 4*c - 109019 - 20905. Is m a composite number?
True
Is 48/408 - (523256/(-34) + 1) a composite number?
True
Let j(l) = -4*l**3 + 3*l**2 + 11*l - 19. Suppose 32 = 5*w + 77. Is j(w) composite?
False
Let q(m) be the third derivative of 157*m**4/24 - 8*m**3/3 + m**2. Let v = 1303 - 1298. Is q(v) prime?
True
Let d = 16 + -238. Let q = d - -317. Is q composite?
True
Is 1*(-1975364)/(-10) + 16/((-80)/(-3)) prime?
False
Let i = 272 - 145. Let d = 7366 + i. Is d composite?
True
Suppose 0 = -22*t + 16*t - 15276. Let n = t + 7807. Is n a composite number?
False
Let z(t) be the second derivative of -1/6*t**3 + 7*t + 143/12*t**4 + 0 + 1/2*t**2. Is z(2) a prime number?
True
Let j(u) = u**2 - 81*u + 53993. Is j(0) a prime number?
True
Is (-6)/1*(-6345834)/396 composite?
False
Suppose r + v = -r + 15, 2*r + 3*v = 21. Suppose -4*p + r = -2. Suppose -p*b + 1775 = 3*m, -4*b = -4*m - 2545 - 1055. Is b prime?
False
Suppose 0 = a + 1, -11*j + 41143 = -8*j - a. Is j prime?
False
Let z(u) = -u**3 + 16*u**2 - 10*u - 17. Let j(o) = o**2 + 2. Let i be j(3). Is z(i) composite?
True
Let m = 1151289 + -320962. Is m composite?
False
Suppose -3*u = -2 - 4. Suppose -u*i + i = 0. Suppose i = -7*h - h + 264. Is h composite?
True
Let p = -49 - -63. Let f be ((-5)/4)/(p/14448). Let z = -871 - f. Is z prime?
True
Suppose 0 = 2*z - 3*z + 4. Suppose 2*t + 842 = z*r, -2*t + 839 = 4*r - 7*t. Is r prime?
True
Is (-5 - (-55928900)/70) + 2/(-7) a prime number?
False
Let r = 1915554 + -1090531. Is r composite?
True
Let l be 10/6*3 + 14. Let k(p) = 8*p**2 + 14*p + 97. Is k(l) a prime number?
True
Is (-42)/(-54)*9 - -217972 a prime number?
True
Suppose t = 3*z - 119, 25 = z - 5*t - 10. Let j = z + -40. Suppose j*d + 996 = 4*d. Is d composite?
True
Suppose -4*u = -25383 + 6275. Let o = -2023 + u. Let m = o + -1211. Is m composite?
False
Let k be ((-1)/(-1))/1*(-64)/(-16). Suppose -5*b - 45900 = k*u, 0 = -3*b - 2*u + 6*u - 27508. Is b/(-6) + (-7)/21 composite?
True
Suppose 5*u - 19 = 1. Let p be u/3*9/(-6). Is (-2 + (-15465)/10)*p composite?
True
Suppose 28*f - 27*f - g - 225730 = 0, -3*f - 3*g + 677208 = 0. Is f a prime number?
True
Let u(n) = -9729*n - 30. Is u(-3) composite?
True
Let f = 1077376 - 754779. Is f a composite number?
True
Suppose -187*t + 11935663 = 3116556. Is t a prime number?
True
Let k = -24 - -29. Let h be -125*((-14)/5 + 2). Suppose f - h = -2*f + 2*g, k*f = 5*g + 165. Is f composite?
True
Is ((-130)/(-325))/(-1 - (-398831)/398830) + -3 prime?
False
Suppose 6 = -4*n - 2*s, -5*n + 2*s = -9 + 12. Let p(x) = 24514*x**2 - 3*x - 2. Is p(n) a prime number?
False
Let f = 66 + -55. Suppose -a + f = -2*c + 4*c, 4*a - 35 = -5*c. Suppose 266 = 2*u + 2*y + y, -2*u + c*y = -242. Is u composite?
False
Suppose -11*c + 16 = -3*c. Suppose 1970 = 3*x + l, c*x + 844 - 2179 = -5*l. Let w = x + -68. Is w a prime number?
True
Let n = -1911 - -8118. Let t = -3006 + n. Suppose -16*m = -19*m + t. Is m a composite number?
True
Let o(w) = -5*w + 10. Let x be o(12). Let m = x - -69. Suppose 16*c - m*c = -669. Is c prime?
True
Let t(p) = p. Let a be t(3). Let l(i) be the second derivative of 5*i**4/12 + 5*i**3/6 - i**2 + i + 11. Is l(a) composite?
True
Is (5/(-4))/((-44)/179696) a composite number?
True
Suppose -2 = 44*w - 42*w. Let j(u) = -211*u**3 + 2*u**2 + 4*u + 2. Is j(w) a composite number?
False
Let d be (-60)/5*2/(-6) + -1. Is (6 - d) + -4 + (-17072)/(-4) a composite number?
True
Let i(u) = u**3 - 20*u**2 + 18*u + 20. Let x be i(19). Is (19397/(-68))/(x/(-4)) a prime number?
False
Suppose -11*g = -8*g + 5*k - 446481, 4*k = -5*g + 744109. Is g a prime number?
True
Let x(s) = -74*s + 25. Let r = -9 + 11. Suppose 2*u + 5*v = -9 - 14, r*v = -4*u - 54. Is x(u) a prime number?
True
Let u(g) = 6*g - 25. Let s(k) = 5*k - 26. Let n(a) = 5*s(a) - 4*u(a). Let t be n(-16). Is t/(-23) + 18*810/4 composite?
True
Let q(y) = -y**3 + 8*y**2 + 5*y - 2. Let n be q(8). Suppose -37*i - 13238 = -n*i. Is i a composite number?
True
Let x be ((-48)/84)/((-2)/(-14)). Is x*(-10)/(-5) + 2107 a composite number?
False
Let w(m) = 26*m - 13. Let y be w(4). Suppose -p + y + 703 = 0. Is p prime?
False
Suppose 930120 = 12*h + 120048. Suppose -2*r - 3*w + 47739 = 13966, -2*w = -4*r + h. Is r a prime number?
True
Suppose 0 = 5*j + i - 3773151, -3*j - 4*i + 2263869 = -7*i. Is j composite?
True
Let w(u) = 22*u**3 - 10*u**2 + 24*u - 16. Let j be w(4). Suppose -4*g - 2*o + j = 0, -6*g = -5*g - 4*o - 323. Is g a composite number?
False
Suppose 4*n + 5936 = -2100. Let p = 3506 + n. Is p composite?
True
Let t = 314 - 184. Let x = t + -13. Let p = x - 83. Is p composite?
True
Let n(s) = s**3 - 25*s**2 - 24*s - 40. Let j be n(26). Let f(o) = 827*o - 23. Is f(j) prime?
True
Suppose 3*y + 4 = -20. Let m be y/(-6)*63/14. Suppose m*d - 2420 + 506 = 0. Is d a prime number?
False
Let g(k) = k**2 + k - 24. Let y be g(-6). Suppose -4*a = y*a - 4930. Is a a prime number?
False
Let n = 7000 - 2667. Suppose 0 = -5*r + q + 4206, -970 = 4*r + q - n. Is r composite?
True
Is (1 + 52662/4)/(-4 + 54/12) a composite number?
True
Suppose 34 + 26 = 15*f. Suppose -2 = -2*h + 8, f*p + 5*h = 3233. Is p a composite number?
True
Suppose -76488 = -4*q + 5*f - 4*f, -q + 19137 = -4*f. Is q prime?
True
Let s = 30 - 23. Suppose s*k - 30 = k. Suppose 2*t + 1245 = k*t. Is t composite?
True
Let q be (-1)/(-3) - (-17060128)/96. Suppose -21*s - 5*s + q = 0. Is s composite?
True
Suppose 15 = -4*s - 65. Let v(r) = -26*r - 26. Let k be v(s). Suppose x + 5*b - k = 0, 2*b = -0*x - 4*x + 1886. Is x a prime number?
False
Let n = -5051 - -29014. Is n composite?
True
Is 4/(-40) + (-17083307)/(-370) a prime number?
True
Let j(u) = -u**3 + u**2 + u - 79. Let c be j(0). Let x = 149 + -89. Let f = x - c. Is f composite?
False
Let s = -93 + 95. Suppose 3*x = 7*x + 3*t - 44, s*t = x - 22. Is 28 + 1/1 + (10 - x) a prime number?
False
Let x be (-4)/4 - (-7 - -16). Let d be (-516)/x + (-8)/(-20). Suppose 0 = d*q - 47*q - 105. Is q prime?
False
Let d(p) = p**3 + 14*p**2 + 23*p - 9. Let j be d(-12). Suppose 4*h - 436 = j*u, 5*h - 518 = -0*u - 3*u. Let o = 961 + h. Is o a composite number?
True
Let c = -2769 - -5252. Is c prime?
False
Let y be (808/(24/6))/2. Suppose y = -9*c + 416. Is c prime?
False
Suppose 8*q + 520 = 13*q. Let u = q - -5. Is u composite?
False
Suppose 50 = 7*i + 218. Let t be 2/3*3*2. Is (-16)/i*2658/t a composite number?
False
Let w = 55 - 24. Let q = 213 + -213. Suppose q = j - w + 9. Is j prime?
False
Let l(d) = d**3 - 29*d**2 - 6*d - 165. Let i be l(23). Let v = -1820 - i. Is v composite?
False
Let t(v) = 7374*v**2 - 110*v - 1113. Is t(-11) a composite number?
False
Let l(j) = -j**3 + 7*j**2 - j - 12. Let h(a) be the first derivative of -a**4/4 + a**3/3 + a**2/2 + a - 15. Let g(d) = -2*h(d) + l(d). Is g(5) composite?
True
Suppose -17*r + 123*r - 1114166 = 0. Is r a prime number?
False
Let i(z) = 60*z**2 + 50*z - 1829. Is i(32) prime?
True
Suppose 0 = 4*n + 4*x - 2*x - 50984, 5*n = x + 63744. Suppose -o - 2*s = 4*o - 31867, -2*o = 2*s - n. Is o a prime number?
True
Let y be (24/20)/((-15)/(-50)). Suppose 2*p = y*j - 5928, 0*j + 5*j = -4*p + 7384. Suppose -12*x + 4*x = -j. Is x prime?
False
Let o(f) be the first derivative of f**6/120 + f**5/8 - 23*f**4/24 - 2*f**3/3 - 20. Let s(h) be the third derivative of o(h). Is s(-15) a composite number?
True
Let j(q) = q**3 + 9*q**2 - 12*q - 20. Let p be j(-10). Suppose -2*x + 4*m + 10458 = p, -m + 1352 = -4*x + 22233. Is x a composite number?
True
Suppose -2*t + 5*o = 3*t - 425, t = 2*o + 87. Let p = -9 - t. Let f = 1005 - p. Is f a prime number?
True
Suppose -4*y - 5*m = -24803, 19419 - 843 = 3*y - 5*m. Is y prime?
True
Suppose -279*c - 5*r = -280*c + 173602, 4*c - 694363 = 5*r. Is c a prime number?
False
Let z = 12243 + 16196. Is z a prime number?
True
Let c = -2510 + 10879. Is c a prime number?
True
Suppose -5*m - 187574 = -4*n, 5*n - 252624 = -3*m - 18101. Is n composite?
False
Suppose 5*u = -d + 29, -5*d + 19 = -4*d + 3*u. Suppose 0 = t + 3*b - 1288, 0 = -t + d*b + 1037 + 216. Is t a prime number?
False
Suppose -2*y + 397923 = 17*d, -25939 = -4*d - 3*y + 67695. Is d a prime number?
False
Suppose -9*o + 7031 + 6532 = 0. Is o